320.
240
Calculate the highest common divisor of 1404 and 161757.
27
What is the greatest common divisor of 10320350 and 10?
10
What is the highest common factor of 1677606 and 121422?
2478
What is the greatest common factor of 5298108 and 15060?
3012
What is the highest common factor of 760413481 and 18002?
9001
Calculate the highest common divisor of 16591917 and 471.
471
Calculate the highest common divisor of 25469455 and 22.
11
What is the highest common factor of 3587822 and 4872?
406
Calculate the greatest common factor of 1235 and 9270195.
95
What is the highest common factor of 432 and 733086?
18
What is the highest common factor of 2212 and 3147044?
316
What is the greatest common factor of 73854 and 1232?
22
What is the highest common factor of 678436 and 1700?
68
Calculate the greatest common factor of 90146 and 8728818.
1918
What is the greatest common factor of 925276 and 4114?
374
What is the greatest common divisor of 1511157200 and 1000?
200
What is the highest common divisor of 8429705 and 20?
5
Calculate the highest common divisor of 32 and 3421588.
4
Calculate the highest common factor of 6462 and 36595383.
1077
What is the highest common divisor of 348 and 107258124?
348
What is the highest common divisor of 1325 and 7761055?
265
What is the highest common divisor of 35860293 and 73899?
3213
What is the highest common divisor of 415 and 437686141?
83
What is the greatest common factor of 66003 and 741909?
147
What is the greatest common factor of 45422754 and 78?
78
What is the highest common factor of 312 and 3510988?
52
Calculate the highest common divisor of 62445 and 9867.
69
Calculate the greatest common divisor of 135984595 and 5.
5
What is the greatest common factor of 398589532 and 1892?
1892
What is the highest common divisor of 37279555 and 1445?
1445
Calculate the greatest common divisor of 2690235 and 495.
45
Calculate the highest common divisor of 9672504 and 36.
12
Calculate the highest common divisor of 569769 and 115650.
771
Calculate the greatest common divisor of 19557271 and 61.
61
What is the greatest common divisor of 96229 and 441497?
413
Calculate the greatest common divisor of 23028676 and 11.
11
What is the highest common divisor of 42 and 2307990?
6
Calculate the greatest common factor of 1015598 and 908.
454
Calculate the highest common divisor of 6481574 and 2514454.
5834
Calculate the greatest common factor of 1612 and 3006783.
403
What is the highest common divisor of 57635 and 42685?
5
What is the highest common factor of 20330525 and 125?
25
What is the highest common factor of 513424 and 1568?
16
What is the greatest common factor of 5445738 and 8478?
54
What is the highest common factor of 9108 and 3357272556?
9108
Calculate the greatest common divisor of 260993447 and 1001.
143
Calculate the highest common divisor of 331428 and 34932.
852
Calculate the greatest common divisor of 21301 and 57655721.
3043
What is the highest common divisor of 79814767 and 516682?
6301
Calculate the highest common divisor of 73950929 and 113.
113
Calculate the highest common factor of 5230095 and 195.
195
Calculate the greatest common divisor of 68233475 and 731.
43
What is the greatest common factor of 9432 and 9335322?
2358
What is the greatest common factor of 11960 and 80115440?
920
What is the highest common factor of 439602 and 1395066?
246
Calculate the greatest common factor of 200 and 127810.
10
Calculate the highest common divisor of 4350 and 211199750.
1450
What is the greatest common divisor of 12 and 1328722812?
12
Calculate the highest common factor of 1047602888 and 536.
536
Calculate the greatest common divisor of 1372 and 1466276.
196
What is the greatest common factor of 7 and 1477959798?
7
Calculate the highest common divisor of 280 and 56573860.
140
Calculate the highest common divisor of 58400 and 89904.
16
Calculate the highest common divisor of 819973 and 1138753.
1771
Calculate the greatest common divisor of 150 and 1217050.
50
Calculate the greatest common divisor of 147462714 and 84.
42
Calculate the highest common factor of 3185390 and 916.
458
What is the greatest common factor of 48342 and 214788?
42
What is the highest common divisor of 2720 and 152440?
40
Calculate the highest common divisor of 148 and 21060289.
37
Calculate the greatest common divisor of 226284 and 17658.
654
What is the highest common divisor of 53728983 and 558?
279
What is the highest common divisor of 5985019 and 118?
59
Calculate the highest common divisor of 120014 and 3082.
46
What is the highest common factor of 218385 and 3795?
345
What is the greatest common divisor of 79149782 and 152?
38
Calculate the highest common divisor of 618 and 2558726.
206
Calculate the highest common factor of 5945 and 533041.
41
What is the greatest common divisor of 1714410 and 70?
10
What is the greatest common divisor of 56 and 264756296?
56
What is the highest common divisor of 53818 and 240122?
142
Calculate the highest common factor of 398328 and 20328.
168
What is the greatest common factor of 22125199 and 410?
41
Calculate the highest common factor of 107846326 and 14.
14
What is the greatest common factor of 2618029148 and 28?
28
Calculate the greatest common factor of 449544 and 240.
24
Calculate the greatest common factor of 16182 and 403651.
899
Calculate the greatest common factor of 565386 and 666.
6
What is the highest common factor of 47905 and 251585?
335
Calculate the highest common factor of 238 and 19153407.
119
What is the greatest common factor of 60 and 28341516?
12
Calculate the highest common factor of 46 and 16243428.
46
What is the highest common factor of 41712 and 27016?
88
What is the highest common divisor of 177 and 90969917?
59
What is the highest common divisor of 1706 and 144249124?
1706
Calculate the highest common divisor of 17529 and 581933585.
5843
Calculate the highest common divisor of 88321996 and 28.
28
Calculate the highest common divisor of 71 and 13834350.
71
Calculate the highest common divisor of 76875 and 42681.
123
Calculate the highest common factor of 9 and 3149775.
9
Calculate the highest common divisor of 49514053 and 7948.
1987
Calculate the highest common divisor of 235880 and 181144046.
11794
Calculate the highest common divisor of 36795 and 325347.
33
What is the greatest common divisor of 33195697 and 1618?
809
Calculate the greatest common divisor of 103581 and 55089.
9
Calculate the greatest common divisor of 20006 and 826.
14
What is the highest common divisor of 449828 and 2996?
428
What is the greatest common factor of 987 and 51684633?
21
What is the greatest common factor of 2510 and 6508430?
2510
What is the greatest common divisor of 14564448 and 6192?
144
What is the greatest common divisor of 5148 and 535395276?
468
What is the highest common divisor of 1834 and 149570953?
917
What is the highest common factor of 105007 and 829276?
49
What is the highest common factor of 4260920 and 592?
296
Calculate the highest common divisor of 4240455 and 18.
3
What is the greatest common factor of 870 and 150745190?
290
What is the greatest common factor of 46550 and 659110?
190
What is the highest common factor of 258 and 182791194?
258
Calculate the greatest common factor of 80 and 682303248.
16
What is the highest common divisor of 31530 and 550028238?
6306
Calculate the greatest common factor of 1705693 and 64757.
319
What is the highest common factor of 22402 and 805498?
974
Calculate the greatest common factor of 201244160 and 520.
520
Calculate the greatest common divisor of 1468936 and 14280.
952
What is the highest common divisor of 989 and 193024549?
43
Calculate the highest common divisor of 15912 and 6632856.
1224
Calculate the highest common factor of 148942215 and 45.
45
What is the greatest common divisor of 2379 and 29498807?
793
Calculate the highest common factor of 894025 and 3025.
275
What is the highest common divisor of 143 and 6459409?
11
Calculate the highest common factor of 346271061 and 8973.
2991
Calculate the greatest common divisor of 465 and 6922765.
155
Calculate the highest common factor of 172 and 2402324.
172
Calculate the highest common factor of 13717 and 20834.
11
Calculate the greatest common divisor of 3002168 and 312.
1